
What is 41 (base 10) in base 15?
2b
What is -1 (base 12) in base 2?
-1
What is 8 (base 11) in base 3?
22
What is -33 (base 8) in base 3?
-1000
Convert -10010 (base 2) to base 14.
-14
What is 15 (base 14) in base 3?
201
1 (base 15) to base 3
1
Convert 232 (base 4) to base 14.
34
What is 8 (base 10) in base 8?
10
What is -2 (base 14) in base 2?
-10
110010 (base 2) to base 14
38
2 (base 16) to base 4
2
Convert -1a (base 16) to base 7.
-35
What is 2 (base 11) in base 3?
2
What is -b (base 15) in base 12?
-b
What is 103 (base 11) in base 12?
a4
16 (base 13) to base 3
201
Convert -73 (base 8) to base 15.
-3e
What is -5 (base 6) in base 8?
-5
What is 53 (base 6) in base 2?
100001
What is -175 (base 9) in base 13?
-b6
-10 (base 3) to base 11
-3
Convert -32 (base 9) to base 15.
-1e
Convert 11 (base 4) to base 8.
5
Convert 13 (base 6) to base 4.
21
101 (base 2) to base 8
5
What is 6a (base 13) in base 10?
88
-3b (base 15) to base 10
-56
What is 2 (base 10) in base 3?
2
-111 (base 2) to base 11
-7
Convert 10 (base 4) to base 12.
4
-4 (base 13) to base 3
-11
What is 22 (base 6) in base 7?
20
-11011011 (base 2) to base 11
-18a
Convert 70 (base 9) to base 3.
2100
1 (base 5) to base 6
1
-18 (base 12) to base 7
-26
Convert -417 (base 8) to base 5.
-2041
Convert 134 (base 13) to base 3.
21212
Convert -25 (base 6) to base 8.
-21
Convert -1 (base 13) to base 14.
-1
Convert -21 (base 16) to base 9.
-36
-14 (base 13) to base 11
-16
1011 (base 2) to base 6
15
Convert -111 (base 2) to base 11.
-7
-2 (base 10) to base 3
-2
2 (base 3) to base 7
2
What is -1 (base 11) in base 14?
-1
What is -2 (base 5) in base 4?
-2
Convert 1 (base 13) to base 8.
1
Convert 8 (base 9) to base 2.
1000
Convert 3 (base 11) to base 14.
3
-504 (base 7) to base 3
-100020
What is -1000 (base 2) in base 6?
-12
Convert -221 (base 5) to base 4.
-331
What is -80 (base 16) in base 8?
-200
What is -1000011 (base 2) in base 7?
-124
0 (base 16) to base 7
0
What is 0 (base 15) in base 8?
0
What is 9 (base 12) in base 10?
9
2 (base 3) to base 16
2
Convert 1202 (base 3) to base 10.
47
Convert 1 (base 12) to base 7.
1
What is -20 (base 3) in base 13?
-6
Convert -2 (base 11) to base 2.
-10
What is -1 (base 15) in base 11?
-1
Convert 4 (base 10) to base 14.
4
What is -3a (base 15) in base 5?
-210
What is 12 (base 3) in base 6?
5
-1c (base 14) to base 5
-101
What is -58 (base 11) in base 3?
-2100
11100 (base 2) to base 13
22
What is 49 (base 12) in base 6?
133
-66 (base 10) to base 3
-2110
What is -10 (base 3) in base 12?
-3
What is -1 (base 8) in base 9?
-1
-112 (base 4) to base 7
-31
Convert -a9 (base 16) to base 11.
-144
What is -73 (base 11) in base 5?
-310
-362 (base 7) to base 6
-515
-3 (base 9) to base 5
-3
Convert 101 (base 2) to base 8.
5
Convert -10 (base 12) to base 2.
-1100
What is -102 (base 4) in base 2?
-10010
Convert -5 (base 9) to base 7.
-5
5 (base 6) to base 12
5
100 (base 3) to base 15
9
What is -d (base 14) in base 9?
-14
Convert 4 (base 13) to base 16.
4
5 (base 14) to base 8
5
-20 (base 15) to base 14
-22
-24 (base 7) to base 4
-102
Convert -2 (base 13) to base 15.
-2
Convert 200 (base 4) to base 5.
112
What is 3 (base 12) in base 11?
3
-17 (base 8) to base 12
-13
What is -17c (base 15) in base 7?
-666
a8 (base 14) to base 13
b5
What is -8 (base 9) in base 6?
-12
What is -1 (base 12) in base 11?
-1
What is -1202 (base 4) in base 13?
-77
5 (base 11) to base 12
5
-b (base 15) to base 3
-102
What is 12 (base 16) in base 6?
30
-5 (base 15) to base 16
-5
22 (base 7) to base 9
17
Convert -23 (base 4) to base 9.
-12
Convert -141 (base 11) to base 7.
-325
Convert -104 (base 6) to base 12.
-34
Convert -9 (base 13) to base 16.
-9
3 (base 14) to base 2
11
-5 (base 6) to base 2
-101
0 (base 8) to base 11
0
Convert 3 (base 14) to base 10.
3
1 (base 13) to base 5
1
110 (base 4) to base 13
17
Convert 13 (base 5) to base 15.
8
What is -3 (base 14) in base 6?
-3
14 (base 15) to base 14
15
What is b (base 16) in base 12?
b
What is 151 (base 9) in base 8?
177
1012 (base 4) to base 13
55
Convert -6 (base 13) to base 3.
-20
Convert -6 (base 7) to base 14.
-6
60 (base 11) to base 10
66
Convert 0 (base 8) to base 11.
0
What is 32 (base 9) in base 13?
23
What is 203 (base 8) in base 6?
335
258 (base 9) to base 11
186
Convert -11 (base 4) to base 13.
-5
Convert -111001 (base 2) to base 8.
-71
What is 10 (base 2) in base 3?
2
22 (base 3) to base 5
13
What is 8 (base 16) in base 11?
8
Convert 122 (base 3) to base 11.
16
c (base 15) to base 3
110
1 (base 10) to base 12
1
Convert -1333 (base 4) to base 13.
-9a
Convert 120 (base 4) to base 11.
22
Convert 2 (base 7) to base 3.
2
What is -1 (base 14) in base 3?
-1
What is 93 (base 15) in base 10?
138
Convert -5 (base 13) to base 3.
-12
0 (base 6) to base 14
0
Convert 100 (base 2) to base 16.
4
Convert 0 (base 2) to base 12.
0
-103 (base 4) to base 5
-34
110 (base 5) to base 8
36
What is -4 (base 6) in base 3?
-11
What is -7 (base 10) in base 16?
-7
What is 5 (base 11) in base 9?
5
13 (base 16) to base 12
17
Convert 3 (base 14) to base 12.
3
What is 5 (base 7) in base 2?
101
Convert 3 (base 11) to base 6.
3
Convert -74 (base 15) to base 12.
-91
-222 (base 4) to base 9
-46
Convert 13 (base 10) to base 15.
d
What is -23 (base 13) in base 8?
-35
Convert 1 (base 15) to base 13.
1
Convert -13 (base 5) to base 10.
-8
Convert -1 (base 3) to base 2.
-1
What is -2 (base 7) in base 15?
-2
What is -14 (base 10) in base 5?
-24
-328 (base 11) to base 6
-1453
Convert 9 (base 13) to base 7.
12
-10 (base 3) to base 9
-3
Convert -1 (base 7) to base 11.
-1
Convert -8 (base 14) to base 2.
-1000
-10 (base 10) to base 13
-a
What is 1001 (base 2) in base 3?
100
Convert -47 (base 9) to base 4.
-223
Convert -4 (base 14) to base 8.
-4
Convert 41 (base 9) to base 6.
101
Convert -10 (base 6) to base 5.
-11
What is 10200 (base 3) in base 11?
90
5 (base 13) to base 8
5
What is -3 (base 13) in base 15?
-3
What is -8 (base 14) in base 7?
-11
What is 69 (base 12) in base 13?
63
1111 (base 4) to base 11
78
1011011 (base 2) to base 7
160
-3 (base 15) to base 7
-3
What is 14 (base 6) in base 9?
11
What is 3d (base 15) in base 5?
213
-32 (base 4) to base 7
-20
Convert 1 (base 2) to base 13.
1
Convert -1 (base 3) to base 10.
-1
Convert 101 (base 2) to base 16.
5
-9c (base 14) to base 13
-a8
-1 (base 6) to base 3
-1
-155 (base 12) to base 15
-de
10 (base 3) to base 2
11
Convert -3 (base 4) to base 6.
-3
What is 111 (base 2) in base 7?
10
Convert 2 (base 13) to base 6.
2
Convert -21 (base 11) to base 9.
-25
Convert 21 (base 8) to base 12.
15
-4 (base 15) to base 12
-4
-197 (base 10) to base 5
-1242
What is 18 (base 10) in base 6?
30
What is -5 (base 6) in base 3?
-12
Convert -101 (base 5) to base 7.
-35
-113 (base 5) to base 10
-33
What is -1 (base 15) in base 2?
-1
0 (base 13) to base 11
0
What is 1 (base 12) in base 3?
1
What is 4b (base 13) in base 5?
223
6 (base 11) to base 12
6
-11 (base 2) to base 16
-3
Convert 58 (base 11) to base 16.
3f
Convert -2 (base 5) to base 14.
-2
What is 1 (base 13) in base 3?
1
What is 1 (base 2) in base 6?
1
What is -10 (base 11) in base 10?
-11
123 (base 6) to base 9
56
Convert -2 (base 16) to base 13.
-2
Convert -a5 (base 16) to base 8.
-245
-4a (base 13) to base 16
-3e
-1122 (base 4) to base 6
-230
What is -111 (base 7) in base 8?
-71
Convert -159 (base 13) to base 10.
-243
Convert -6 (base 12) to base 9.
-6
Convert -4 (base 8) to base 14.
-4
What is 11 (base 9) in base 5?
20
What is -1101 (base 2) in base 8?
-15
-8 (base 13) to base 5
-13
5 (base 10) to base 13
5
Convert 198 (base 10) to base 4.
3012
Convert 1 (base 3) to base 5.
1
Convert 322 (base 5) to base 8.
127
What is 12 (base 10) in base 12?
10
Convert 3 (base 10) to base 14.
3
Convert 18 (base 14) to base 7.
31
What is 4 (base 13) in base 2?
100
What is 4 (base 12) in base 13?
4
What is -6 (base 9) in base 13?
-6
Convert -2 (base 11) to base 5.
-2
Convert 44 (base 9) to base 7.
55
Convert 1010010 (base 2) to base 7.
145
Convert 147 (base 10) to base 4.
2103
What is -225 (base 12) in base 7?
-632
-175 (base 9) to base 4
-2111
1001010 (base 2) to base 9
82
d (base 16) to base 6
21
-22 (base 5) to base 2
-1100
Convert 5 (base 11) to base 16.
5
-2 (base 8) to base 13
-2
Convert -7 (base 15) to base 16.
-7
C